 2*w, 5*w = s*v - 1746. What is the units digit of v?
7
Let j(p) = -24*p + 82. Suppose -40*q + 46*q = 54. Suppose 0 = q*i - 51 + 123. What is the hundreds digit of j(i)?
2
Let k(c) = 3*c**2 + 646*c + 160. What is the hundreds digit of k(31)?
0
Let d(g) be the first derivative of 7*g**2/2 + g - 78. What is the units digit of d(6)?
3
Let z be (-4)/(8/2439)*(-12)/2. Suppose -24*b = -z - 4395. What is the hundreds digit of b?
4
Let w(x) = -3*x - 37. Let h be w(-13). Let f be (-168)/(-70)*(h + 208). Suppose 4*l + 2*n = f, 2*l - 5*n - 248 = -4*n. What is the tens digit of l?
2
Suppose -4*f - 208 = 9*f. What is the tens digit of -2 + (-495)/(-2)*f/(-12)?
2
Let j(f) = -199*f - 4456. What is the hundreds digit of j(-119)?
2
Let z(j) = -80*j**2 - 3*j - 1. Let v be z(-1). Let x = -79 - v. What is the tens digit of x*3 - (-4 + -64)?
6
Let m(i) = 23*i**2 + 2. Let j(o) = o**2 + 1. Let c = 60 + -65. Let l(z) = c*j(z) + m(z). What is the tens digit of l(-2)?
6
Suppose 3*y + 2*g - 16024 = 13371, -y + 9799 = g. What is the units digit of y?
7
Let t = -161 - -164. Suppose -1260 = -t*u - k, 2*k - 1678 = -6*u + 2*u. What is the units digit of u?
1
Suppose -3*a - 138 = 3*a. Let u = a - -23. Suppose u = -4*f + 12, 2*b + 3*f - 13 - 204 = 0. What is the units digit of b?
4
Let j(c) = 6*c**2 - 7*c + 41. What is the hundreds digit of j(-15)?
4
Suppose -c + 32 = 5*w + 2*c, 4*c = -4. Suppose -3*k + 404 + 19 = 5*i, k - 3*i = 155. Suppose 0 = -w*b + k + 197. What is the units digit of b?
9
Suppose 0 = -2*l - 3*n + 6655, l - 2*n - 418 = 2892. What is the hundreds digit of l?
3
Let i(h) = 3*h**2 - 2*h - 7. Let m be i(5). Let o(x) = -x**2 - 58*x - 819. Let j be o(-37). Let z = j + m. What is the tens digit of z?
1
Let t = 6 - 5. Let u(s) = -s + 1. Let g(v) = v - 7. Let d(z) = t*g(z) + 6*u(z). What is the tens digit of d(-10)?
4
Let q(u) = u**3 + 6*u**2 + 4*u + 1. Let o be q(-5). What is the units digit of (-6)/27 - (26290/(-45) + o)?
8
Let j(p) = -p**3 + 23*p**2 - 50. Let x be j(19). Suppose 9*w - x = -503. What is the units digit of w?
9
Let b = 22604 + -13425. What is the units digit of b?
9
Suppose 3*s + 25*i = 26*i + 20070, 2*i = 0. What is the tens digit of s?
9
Suppose -12735 = -6*i + 71721. What is the thousands digit of i?
4
Let b be ((-118)/(-3))/(75/(-81) + 1). Let w = b - 309. Suppose 15 = -9*f + w. What is the units digit of f?
3
Let n = 1574 - -17568. What is the ten thousands digit of n?
1
Suppose 0 = 2*t - 5*g - 50275, -100561 = -353*t + 349*t - g. What is the units digit of t?
0
Let j = 5 - 0. Let k(c) = c**3 - 4*c**2 + c + 11. Let o be k(3). Suppose -218 = -j*u + t, -t - 2*t - 214 = -o*u. What is the tens digit of u?
4
Suppose 2*y + 1 - 4 = -5*g, -4*g - 8 = -y. Let h(t) = -t**3 + 2*t**2 - 1. Let k be h(g). What is the tens digit of 12*(-4 + k)*2/(-4)?
1
Let u = -250 + 252. Suppose -s - 776 = -2*p - 4*s, 3*p + u*s = 1164. What is the hundreds digit of p?
3
Let c = -11047 - -32011. What is the hundreds digit of c?
9
Let u be (4 - -2)/6*(0 + 0). Suppose u = -k + 318 - 313. What is the units digit of k?
5
What is the thousands digit of (2/15 - (-449664)/(-180))/(3/(-12))?
9
Let y = 1 + 1. Suppose 7*i - 1214 = 6*i - 5*w, -4*w = y*i - 2404. What is the units digit of i?
4
Let i(p) = -2*p**2 - 9*p - 2. Let s be i(-10). Let z = -109 - s. Suppose 2*k + 7 = w + 221, z*w + 428 = 4*k. What is the units digit of k?
7
Let q = 685 - 679. What is the units digit of q/10 + (-4217)/(-5)?
4
Suppose -2*m = -8, -4*h + 171*m + 49060 = 172*m. What is the tens digit of h?
6
Let l(m) = -m**3 + 5*m**2 - 3*m + 5. Let w be l(4). Let c(r) = 5*r**2 + 13*r + 70. What is the tens digit of c(w)?
9
Suppose 2*i - 3*i = -3*f + 23, 3*i + 61 = 5*f. What is the hundreds digit of (-10962)/(-252)*(-1 - i/3)?
2
Let y(a) = a**2 - 8*a - 287. What is the units digit of y(-19)?
6
Suppose 0*p - 3*p - w = 153, 0 = 3*p - 2*w + 153. Let t(f) = -6*f - 173. Let j be t(-14). Let r = p - j. What is the units digit of r?
8
Let s = -193 - -202. Suppose -1682 = -s*y + 136. What is the units digit of y?
2
Let h(i) = 13*i**2 + 33*i + 1122. What is the hundreds digit of h(-34)?
0
Suppose -a = 3*a + 2640. Let n = 992 + a. Suppose 3*l - 5*i = 911, 2*i + 576 = 3*l - n. What is the hundreds digit of l?
3
What is the ten thousands digit of 1 + 13832 - ((-2)/(-6))/((-62)/558)?
1
Let i(d) = -d + 5. Let r be (5/(-2))/((-2)/4). Let v be i(r). Suppose v = -66*f + 61*f + 870. What is the units digit of f?
4
Suppose 5 = 5*s, 0*z + 4*s + 140 = 4*z. Let p be -4 - (-6)/((-30)/(-215)). Let k = p - z. What is the units digit of k?
3
Suppose 15*i - 17*i + 3*z + 36594 = 0, 5*i + 2*z - 91523 = 0. What is the hundreds digit of i?
3
Suppose 5*p = 0, -5*p = -4*r + 75 + 137. Let y = 55 - r. What is the units digit of (y + 0)*(-2 + (-189)/(-2))?
5
Let u(q) = -11*q**2 + q - 2. Let b be u(-2). Let g be (97/(-4))/(((-26)/(-8))/(-13)). Let s = g + b. What is the units digit of s?
9
Suppose 6*y + x = 9*y - 127, 0 = -3*y - 5*x + 157. Suppose -5*m + 4*b + 24 = 0, -4*m + 9*m = -b + y. Suppose -v + 212 = m. What is the tens digit of v?
0
Suppose 10*a + 344 + 1186 = 0. Let y = a - -247. What is the units digit of y?
4
Suppose -28540 = -3*r - 4*k, -5*r + 47605 = -45*k + 44*k. Suppose -46*l = -29*l - r. What is the units digit of l?
0
Let v = 8 - -7. Suppose -4*q + 51*y - 111 = 54*y, 0 = 2*q - 5*y + 101. Let c = v - q. What is the units digit of c?
8
Suppose 28*r - 23636 = 26*r - g, 23652 = 2*r + 3*g. What is the tens digit of r?
1
Let s(o) = 63*o**3 - 6*o**2 + 6*o - 3. Suppose 0 = -7*t + 33 - 19. What is the units digit of s(t)?
9
Let r be ((-25)/(-20))/(2 + (-78)/40). Suppose -r = 5*i - 50. Suppose -102 = -i*k + 758. What is the hundreds digit of k?
1
Let k be ((-2732)/(-3) - 1) + (-424)/(-318). Suppose 2*w = 4*a + 1822, w - k = 4*a - 6*a. What is the tens digit of w?
1
Let m = -27835 - -42841. What is the thousands digit of m?
5
Let k(i) = -i**3 + 17*i**2 + 27*i + 7. Let c(a) = a**2 - 8*a - 2. Let g be c(10). What is the hundreds digit of k(g)?
1
Let b(c) = -18*c**3 + 4*c**2 + 3. Let l be b(-4). Suppose -6*i + 3367 = l. What is the hundreds digit of i?
3
Let v(j) = 598*j**2 + 4*j + 4. Suppose -191*x - 5 = -186*x. What is the hundreds digit of v(x)?
5
Suppose -3*w + 20 = 11. Suppose 4*x = -w*q + 3*x + 62, -2*q - 3*x = -32. What is the units digit of q?
2
Let z(y) = y**3 + 8*y**2 - 7*y + 3. Let c be z(-9). Let l be (-81)/c + 2/(-5). Suppose -b - 5 = -3, 3*b = -l*p + 69. What is the tens digit of p?
1
Let i(y) = -53*y + 12 - 54 - 43 + 5. What is the hundreds digit of i(-6)?
2
What is the units digit of (-5)/(55/(-262229)) + (-27)/(-3)?
8
Suppose 2*g + 57*o - 1439 = 60*o, 2191 = 3*g + 2*o. Let w = 1371 - g. What is the hundreds digit of w?
6
Let p = 1585 + 1651. What is the tens digit of p?
3
Suppose 5*q + 317 = d, -2*q - 218 - 392 = -2*d. Let f = d - -65. What is the tens digit of f?
6
Suppose -3*z = z - 48. Let v = 148 + z. What is the tens digit of v?
6
Let s be -5 - -10 - (-1 - -1). Suppose s*p - f = -4*f + 12, -5*f - 2 = p. Suppose 59 + 388 = p*j. What is the tens digit of j?
4
Suppose 0 = 4*f + 158 - 30. Let c = f + 8. Let z = 92 + c. What is the units digit of z?
8
Suppose t + 147 + 243 = 0. Let k = t + 722. Suppose -u = 2*m - 78, m + 3*m - k = -4*u. What is the units digit of u?
8
Suppose m = 0, -3*n + 23533 - 10548 = -2*m - 24626. What is the hundreds digit of n?
5
Let j = -101 + 168. What is the hundreds digit of 1/2*184786/j?
3
Let w = -304 + 141. Let j = w - 37. Let m = j + 283. What is the tens digit of m?
8
Let f(v) = v**3 + v**2 + 10*v - 2. Let h be f(-4). What is the hundreds digit of (-4226)/(-18) - 20/h?
2
Suppose 0 = 8*d - 35 + 3. Suppose -4*c - c = s - 384, d*s + 4 = 0. What is the tens digit of c?
7
Suppose 717 = n - 3*z + 7*z, 2*z + 4 = 0. Let l = n - 412. What is the tens digit of l?
1
Suppose -4*a + 5*f + 21 = 0, 3*a + 2*f + 37 = 70. Let t(g) = -g**3 + 16*g**2 - 8*g - 10. What is the hundreds digit of t(a)?
4
What is the units digit of (-5 + -4 + (-126)/(-12))/(6/206128)?
2
What is the thousands digit of 30660/(2 + 1) + (-56)/7 + 9?
0
Let y(m) = m**3 + 4*m**2 - 23*m - 11. Let t be y(-7). Suppose 4*b + u - 2034 = -599, -1083 = -3*b - t*u. What is the tens digit of b?
5
Let u(p) be the second derivative of -45*p**3/2 + 10*p**2 - 